{"id":29,"date":"2015-03-18T09:48:40","date_gmt":"2015-03-18T08:48:40","guid":{"rendered":"http:\/\/www.vovinam.cat\/?page_id=29"},"modified":"2015-03-18T09:48:48","modified_gmt":"2015-03-18T08:48:48","slug":"proteccio-de-dades","status":"publish","type":"page","link":"http:\/\/www.vovinam.cat\/?page_id=29","title":{"rendered":"Protecci\u00f3 de dades"},"content":{"rendered":"<p style=\"text-align: justify;\"><strong>ASSOCIACI\u00d3 CATALANA DE VOVINAM\u00a0VIET VO DAO<\/strong>, Associaci\u00f3 sense \u00e0nim de lucre de nacionalitat espanyola, CIF. G-61376851, domicili fiscal a CIF. G-61.376.851. Direcci\u00f3 Fiscal: DIRECCI\u00d3, Sta Perp\u00e8tua de Mogoda, Barcelona, \u200b\u200bEspanya. Inscrita en el Registre Nacional d&#8217;Associacions.<\/p>\n<p style=\"text-align: justify;\">L&#8217;acc\u00e9s i \u00fas d&#8217;aquest lloc web atribueix a qui el realitza la condici\u00f3 d&#8217;usuari i implica per tal usuari la seva acceptaci\u00f3 \u00edntegra de les condicions generals en relaci\u00f3 amb els continguts i serveis plasmats.<\/p>\n<p style=\"text-align: justify;\">D&#8217;acord amb la normativa vigent en mat\u00e8ria de protecci\u00f3 de dades (Llei Org\u00e0nica 15\/1999 de 13 de desembre de Protecci\u00f3 de Dades de Car\u00e0cter Personal LOPD) aix\u00ed com en mat\u00e8ria de serveis de la societat de la informaci\u00f3 i de comer\u00e7 electr\u00f2nic (Llei 34 \/ 2002, de 11 de juliol), l&#8217;usuari accepta que les dades personals aportades en el moment del seu registre, o qualsevol altre facilitat a<strong>ASSOCIACI\u00d3 CATALANA DE VOVINAM\u00a0VIET VO DAO<\/strong>\u00a0per al seu acc\u00e9s a alguns dels serveis del web site siguin incorporades a fitxers de titularitat d&#8217;aquest despatx, amb la finalitat de facilitar la prestaci\u00f3 dels serveis sol\u00b7licitats, per a la correcta identificaci\u00f3 dels usuaris que sol\u00b7liciten serveis personalitzats a www.vovinam.cat per a la realitzaci\u00f3 d&#8217;estudis estad\u00edstics dels usuaris registrats a www.vovinam .cat que permetin dissenyar millores en els serveis prestats, per a la gesti\u00f3 de tasques b\u00e0siques d&#8217;administraci\u00f3, aix\u00ed com per mantenir-lo informat, b\u00e9 per correu electr\u00f2nic b\u00e9 per qualsevol altre mitj\u00e0, de novetats, productes i serveis relacionats amb\u00a0<strong>ASSOCIACI\u00d3 CATALANA DE VOVINAM\u00a0VIET VO DAO<\/strong>\u00a0o amb terceres empreses col\u00b7laboradores.<\/p>\n<p style=\"text-align: justify;\">En el cas de comunicacions comercials a trav\u00e9s de correu electr\u00f2nic o mitj\u00e0 equivalent, l&#8217;usuari presta el seu consentiment expr\u00e9s per l&#8217;enviament de publicitat a trav\u00e9s d&#8217;aquest mitj\u00e0.<\/p>\n<p style=\"text-align: justify;\">Les dades de car\u00e0cter personal es recolliran a trav\u00e9s dels formularis corresponents, els quals nom\u00e9s contindran els camps imprescindibles per poder prestar el servei requerit per l&#8217;usuari.<\/p>\n<p style=\"text-align: justify;\">En el cas que es consideri oport\u00fa que es cedeixin dades de car\u00e0cter personal a altres entitats, l&#8217;usuari, expl\u00edcitament, ser\u00e0 informat de la finalitat del fitxer, de les dades cedides, nom i adre\u00e7a del cessionari, perqu\u00e8 aporti el seu consentiment inequ\u00edvoc a aquest respecte.<\/p>\n<p style=\"text-align: justify;\"><strong>ASSOCIACI\u00d3 CATALANA DE VOVINAM\u00a0VIET VO DAO<\/strong>, es compromet al compliment de la seva obligaci\u00f3 de secret de les dades de car\u00e0cter personal i del seu deure de tractar-los amb confidencialitat, i assumeix, a aquests efectes, les mesures d&#8217;\u00edndole t\u00e8cnica, organitzativa i de seguretat necess\u00e0ries per evitar la seva alteraci\u00f3, p\u00e8rdua, tractament o acc\u00e9s no autoritzat, d&#8217;acord amb el que estableix la Llei Org\u00e0nica 15\/1999 de 13 de desembre, de Protecci\u00f3 de Dades de Car\u00e0cter Personal, i altra legislaci\u00f3 aplicable.<\/p>\n<p style=\"text-align: justify;\"><strong>ASSOCIACI\u00d3 CATALANA DE VOVINAM\u00a0VIET VO DAO<\/strong>\u00a0podr\u00e0 revelar les dades de car\u00e0cter personal de l&#8217;usuari quan li siguin requerits per l&#8217;autoritat judicial d&#8217;acord amb les normes que resultin d&#8217;aplicaci\u00f3.<\/p>\n<p style=\"text-align: justify;\">L&#8217;usuari respondr\u00e0, en qualsevol cas, de la veracitat de les dades facilitades, reservant-<strong>ASSOCIACI\u00d3 CATALANA DE VOVINAM\u00a0VIET VO DAO<\/strong> el dret a excloure dels serveis registrats a tot usuari que hagi facilitat dades falses, sense perjudici de les altres accions que siguin procedents en Dret.<\/p>\n<p style=\"text-align: justify;\"><strong>ASSOCIACI\u00d3 CATALANA DE VOVINAM\u00a0VIET VO DAO<\/strong>. es reserva el dret a modificar la seva Pol\u00edtica sobre Protecci\u00f3 de Dades en qualsevol moment per tal d&#8217;adaptar-la a novetats o canvis legislatius, jurisprudencials o dels criteris seguits per l&#8217;Ag\u00e8ncia Espanyola de Protecci\u00f3 de Dades i \/ o l&#8217;autoritat competent en cada moment , el que anunciar\u00e0 oportunament a trav\u00e9s del lloc web.<\/p>\n<p style=\"text-align: justify;\">Es prohibeix la reproducci\u00f3 total o parcial dels continguts d&#8217;aquesta web sense citar el seu origen o sol\u00b7licitar autoritzaci\u00f3.<\/p>\n<p style=\"text-align: justify;\">L&#8217;usuari t\u00e9 el dret d&#8217;informaci\u00f3 en la recollida de les seves dades, a saber per qu\u00e8 i com s\u00f3n tractades les seves dades personals i decidir quant al seu tractament.<\/p>\n<p style=\"text-align: justify;\">Qualsevol usuari registrat pot en qualsevol moment exercir el dret a consultar, accedir, rectificar, oposar i, si escau, cancel\u00b7lar les seves dades de car\u00e0cter personal subministrades, mitjan\u00e7ant petici\u00f3 escrita, signada i acompanyada de fotoc\u00f2pia del seu DNI o Passaport, dirigida a:<\/p>\n<ul class=\"infocontacto\" style=\"text-align: justify;\">\n<li class=\"direccion\" style=\"text-align: justify;\">Associaci\u00f3 Catalana Vovinam Viet Vo Dao<br \/>\ndirecci\u00f3n,<br \/>\n08130,\u00a0Santa Perp\u00e8tua de Mogoda<br \/>\nBarcelona.<\/li>\n<li class=\"email\" style=\"text-align: justify;\">email:<a title=\"info@vovinam.cat\" href=\"mailto:info@vovinam.cat\"> info@vovinam.cat<\/a><\/li>\n<\/ul>\n<p><a href=\"http:\/\/www.vovinam.cat\/wp-content\/uploads\/2015\/03\/CertificadoProteccionDeDatos.jpg\"><img loading=\"lazy\" decoding=\"async\" class=\"alignnone size-medium wp-image-30 aligncenter\" src=\"http:\/\/www.vovinam.cat\/wp-content\/uploads\/2015\/03\/CertificadoProteccionDeDatos-300x211.jpg\" alt=\"CertificadoProteccionDeDatos\" width=\"300\" height=\"211\" srcset=\"http:\/\/www.vovinam.cat\/wp-content\/uploads\/2015\/03\/CertificadoProteccionDeDatos-300x211.jpg 300w, http:\/\/www.vovinam.cat\/wp-content\/uploads\/2015\/03\/CertificadoProteccionDeDatos-100x70.jpg 100w, http:\/\/www.vovinam.cat\/wp-content\/uploads\/2015\/03\/CertificadoProteccionDeDatos-150x106.jpg 150w, http:\/\/www.vovinam.cat\/wp-content\/uploads\/2015\/03\/CertificadoProteccionDeDatos-200x141.jpg 200w, http:\/\/www.vovinam.cat\/wp-content\/uploads\/2015\/03\/CertificadoProteccionDeDatos-450x317.jpg 450w, http:\/\/www.vovinam.cat\/wp-content\/uploads\/2015\/03\/CertificadoProteccionDeDatos-600x423.jpg 600w, http:\/\/www.vovinam.cat\/wp-content\/uploads\/2015\/03\/CertificadoProteccionDeDatos.jpg 700w\" sizes=\"auto, (max-width: 300px) 100vw, 300px\" \/><\/a><\/p>\n","protected":false},"excerpt":{"rendered":"<p>ASSOCIACI\u00d3 CATALANA DE VOVINAM\u00a0VIET VO DAO, Associaci\u00f3 sense \u00e0nim de lucre de nacionalitat espanyola, CIF. G-61376851, domicili fiscal a CIF. G-61.376.851. Direcci\u00f3 Fiscal: DIRECCI\u00d3, Sta Perp\u00e8tua de Mogoda, Barcelona, \u200b\u200bEspanya. Inscrita en el Registre Nacional d&#8217;Associacions. L&#8217;acc\u00e9s i \u00fas d&#8217;aquest lloc web atribueix a qui el realitza la condici\u00f3 d&#8217;usuari i implica per tal usuari<\/p>\n","protected":false},"author":1,"featured_media":0,"parent":0,"menu_order":0,"comment_status":"closed","ping_status":"closed","template":"","meta":{"footnotes":""},"class_list":["post-29","page","type-page","status-publish","hentry"],"_links":{"self":[{"href":"http:\/\/www.vovinam.cat\/index.php?rest_route=\/wp\/v2\/pages\/29","targetHints":{"allow":["GET"]}}],"collection":[{"href":"http:\/\/www.vovinam.cat\/index.php?rest_route=\/wp\/v2\/pages"}],"about":[{"href":"http:\/\/www.vovinam.cat\/index.php?rest_route=\/wp\/v2\/types\/page"}],"author":[{"embeddable":true,"href":"http:\/\/www.vovinam.cat\/index.php?rest_route=\/wp\/v2\/users\/1"}],"replies":[{"embeddable":true,"href":"http:\/\/www.vovinam.cat\/index.php?rest_route=%2Fwp%2Fv2%2Fcomments&post=29"}],"version-history":[{"count":3,"href":"http:\/\/www.vovinam.cat\/index.php?rest_route=\/wp\/v2\/pages\/29\/revisions"}],"predecessor-version":[{"id":33,"href":"http:\/\/www.vovinam.cat\/index.php?rest_route=\/wp\/v2\/pages\/29\/revisions\/33"}],"wp:attachment":[{"href":"http:\/\/www.vovinam.cat\/index.php?rest_route=%2Fwp%2Fv2%2Fmedia&parent=29"}],"curies":[{"name":"wp","href":"https:\/\/api.w.org\/{rel}","templated":true}]}}

Protecció de dades

<p style="text-align: justify;"><strong>ASSOCIACIÓ CATALANA DE VOVINAM VIET VO DAO</strong>, Associació sense ànim de lucre de nacionalitat espanyola, CIF. G-61376851, domicili fiscal a CIF. G-61.376.851. Direcció Fiscal: DIRECCIÓ, Sta Perpètua de Mogoda, Barcelona, ​​Espanya. Inscrita en el Registre Nacional d&#8217;Associacions.</p>
<p style="text-align: justify;">L&#8217;accés i ús d&#8217;aquest lloc web atribueix a qui el realitza la condició d&#8217;usuari i implica per tal usuari la seva acceptació íntegra de les condicions generals en relació amb els continguts i serveis plasmats.</p>
<p style="text-align: justify;">D&#8217;acord amb la normativa vigent en matèria de protecció de dades (Llei Orgànica 15/1999 de 13 de desembre de Protecció de Dades de Caràcter Personal LOPD) així com en matèria de serveis de la societat de la informació i de comerç electrònic (Llei 34 / 2002, de 11 de juliol), l&#8217;usuari accepta que les dades personals aportades en el moment del seu registre, o qualsevol altre facilitat a<strong>ASSOCIACIÓ CATALANA DE VOVINAM VIET VO DAO</strong> per al seu accés a alguns dels serveis del web site siguin incorporades a fitxers de titularitat d&#8217;aquest despatx, amb la finalitat de facilitar la prestació dels serveis sol·licitats, per a la correcta identificació dels usuaris que sol·liciten serveis personalitzats a www.vovinam.cat per a la realització d&#8217;estudis estadístics dels usuaris registrats a www.vovinam .cat que permetin dissenyar millores en els serveis prestats, per a la gestió de tasques bàsiques d&#8217;administració, així com per mantenir-lo informat, bé per correu electrònic bé per qualsevol altre mitjà, de novetats, productes i serveis relacionats amb <strong>ASSOCIACIÓ CATALANA DE VOVINAM VIET VO DAO</strong> o amb terceres empreses col·laboradores.</p>
<p style="text-align: justify;">En el cas de comunicacions comercials a través de correu electrònic o mitjà equivalent, l&#8217;usuari presta el seu consentiment exprés per l&#8217;enviament de publicitat a través d&#8217;aquest mitjà.</p>
<p style="text-align: justify;">Les dades de caràcter personal es recolliran a través dels formularis corresponents, els quals només contindran els camps imprescindibles per poder prestar el servei requerit per l&#8217;usuari.</p>
<p style="text-align: justify;">En el cas que es consideri oportú que es cedeixin dades de caràcter personal a altres entitats, l&#8217;usuari, explícitament, serà informat de la finalitat del fitxer, de les dades cedides, nom i adreça del cessionari, perquè aporti el seu consentiment inequívoc a aquest respecte.</p>
<p style="text-align: justify;"><strong>ASSOCIACIÓ CATALANA DE VOVINAM VIET VO DAO</strong>, es compromet al compliment de la seva obligació de secret de les dades de caràcter personal i del seu deure de tractar-los amb confidencialitat, i assumeix, a aquests efectes, les mesures d&#8217;índole tècnica, organitzativa i de seguretat necessàries per evitar la seva alteració, pèrdua, tractament o accés no autoritzat, d&#8217;acord amb el que estableix la Llei Orgànica 15/1999 de 13 de desembre, de Protecció de Dades de Caràcter Personal, i altra legislació aplicable.</p>
<p style="text-align: justify;"><strong>ASSOCIACIÓ CATALANA DE VOVINAM VIET VO DAO</strong> podrà revelar les dades de caràcter personal de l&#8217;usuari quan li siguin requerits per l&#8217;autoritat judicial d&#8217;acord amb les normes que resultin d&#8217;aplicació.</p>
<p style="text-align: justify;">L&#8217;usuari respondrà, en qualsevol cas, de la veracitat de les dades facilitades, reservant-<strong>ASSOCIACIÓ CATALANA DE VOVINAM VIET VO DAO</strong> el dret a excloure dels serveis registrats a tot usuari que hagi facilitat dades falses, sense perjudici de les altres accions que siguin procedents en Dret.</p>
<p style="text-align: justify;"><strong>ASSOCIACIÓ CATALANA DE VOVINAM VIET VO DAO</strong>. es reserva el dret a modificar la seva Política sobre Protecció de Dades en qualsevol moment per tal d&#8217;adaptar-la a novetats o canvis legislatius, jurisprudencials o dels criteris seguits per l&#8217;Agència Espanyola de Protecció de Dades i / o l&#8217;autoritat competent en cada moment , el que anunciarà oportunament a través del lloc web.</p>
<p style="text-align: justify;">Es prohibeix la reproducció total o parcial dels continguts d&#8217;aquesta web sense citar el seu origen o sol·licitar autorització.</p>
<p style="text-align: justify;">L&#8217;usuari té el dret d&#8217;informació en la recollida de les seves dades, a saber per què i com són tractades les seves dades personals i decidir quant al seu tractament.</p>
<p style="text-align: justify;">Qualsevol usuari registrat pot en qualsevol moment exercir el dret a consultar, accedir, rectificar, oposar i, si escau, cancel·lar les seves dades de caràcter personal subministrades, mitjançant petició escrita, signada i acompanyada de fotocòpia del seu DNI o Passaport, dirigida a:</p>
<ul class="infocontacto" style="text-align: justify;">
<li class="direccion" style="text-align: justify;">Associació Catalana Vovinam Viet Vo Dao<br />
dirección,<br />
08130, Santa Perpètua de Mogoda<br />
Barcelona.</li>
<li class="email" style="text-align: justify;">email:<a title="info@vovinam.cat" href="mailto:info@vovinam.cat"> info@vovinam.cat</a></li>
</ul>
<p><a href="http://www.vovinam.cat/wp-content/uploads/2015/03/CertificadoProteccionDeDatos.jpg"><img loading="lazy" decoding="async" class="alignnone size-medium wp-image-30 aligncenter" src="http://www.vovinam.cat/wp-content/uploads/2015/03/CertificadoProteccionDeDatos-300x211.jpg" alt="CertificadoProteccionDeDatos" width="300" height="211" srcset="http://www.vovinam.cat/wp-content/uploads/2015/03/CertificadoProteccionDeDatos-300x211.jpg 300w, http://www.vovinam.cat/wp-content/uploads/2015/03/CertificadoProteccionDeDatos-100x70.jpg 100w, http://www.vovinam.cat/wp-content/uploads/2015/03/CertificadoProteccionDeDatos-150x106.jpg 150w, http://www.vovinam.cat/wp-content/uploads/2015/03/CertificadoProteccionDeDatos-200x141.jpg 200w, http://www.vovinam.cat/wp-content/uploads/2015/03/CertificadoProteccionDeDatos-450x317.jpg 450w, http://www.vovinam.cat/wp-content/uploads/2015/03/CertificadoProteccionDeDatos-600x423.jpg 600w, http://www.vovinam.cat/wp-content/uploads/2015/03/CertificadoProteccionDeDatos.jpg 700w" sizes="auto, (max-width: 300px) 100vw, 300px" /></a></p>

<p>ASSOCIACIÓ CATALANA DE VOVINAM VIET VO DAO, Associació sense ànim de lucre de nacionalitat espanyola, CIF. G-61376851, domicili fiscal a CIF. G-61.376.851. Direcció Fiscal: DIRECCIÓ, Sta Perpètua de Mogoda, Barcelona, ​​Espanya. Inscrita en el Registre Nacional d&#8217;Associacions. L&#8217;accés i ús d&#8217;aquest lloc web atribueix a qui el realitza la condició d&#8217;usuari i implica per tal usuari</p>
